[INFO] cloning repository https://github.com/tarkah/karaoke-rs
[INFO] running `Command { std: "git" "-c" "credential.helper=" "-c" "credential.helper=/workspace/cargo-home/bin/git-credential-null" "clone" "--bare" "https://github.com/tarkah/karaoke-rs" "/workspace/cache/git-repos/https%3A%2F%2Fgithub.com%2Ftarkah%2Fkaraoke-rs", kill_on_drop: false }`
[INFO] [stderr] Cloning into bare repository '/workspace/cache/git-repos/https%3A%2F%2Fgithub.com%2Ftarkah%2Fkaraoke-rs'...
[INFO] running `Command { std: "git" "rev-parse" "HEAD", kill_on_drop: false }`
[INFO] [stdout] 0747427e6f2eb3a81482dbe3f7181cb5120feced
[INFO] checking tarkah/karaoke-rs against master#af3c6e733a40e671550e0f0f5aeecaa13772ba56 for pr-74989
[INFO] running `Command { std: "git" "clone" "/workspace/cache/git-repos/https%3A%2F%2Fgithub.com%2Ftarkah%2Fkaraoke-rs" "/workspace/builds/worker-9/source", kill_on_drop: false }`
[INFO] [stderr] Cloning into '/workspace/builds/worker-9/source'...
[INFO] [stderr] done.
[INFO] validating manifest of git repo https://github.com/tarkah/karaoke-rs on toolchain af3c6e733a40e671550e0f0f5aeecaa13772ba56
[INFO] running `Command { std: "/workspace/cargo-home/bin/cargo" "+af3c6e733a40e671550e0f0f5aeecaa13772ba56" "read-manifest" "--manifest-path" "Cargo.toml", kill_on_drop: false }`
[INFO] started tweaking git repo https://github.com/tarkah/karaoke-rs
[INFO] finished tweaking git repo https://github.com/tarkah/karaoke-rs
[INFO] tweaked toml for git repo https://github.com/tarkah/karaoke-rs written to /workspace/builds/worker-9/source/Cargo.toml
[INFO] crate git repo https://github.com/tarkah/karaoke-rs already has a lockfile, it will not be regenerated
[INFO] running `Command { std: "/workspace/cargo-home/bin/cargo" "+af3c6e733a40e671550e0f0f5aeecaa13772ba56" "fetch" "--locked" "--manifest-path" "Cargo.toml", kill_on_drop: false }`
[INFO] running `Command { std: "docker" "create" "-v" "/var/lib/crater-agent-workspace/builds/worker-9/target:/opt/rustwide/target:rw,Z" "-v" "/var/lib/crater-agent-workspace/builds/worker-9/source:/opt/rustwide/workdir:ro,Z" "-v" "/var/lib/crater-agent-workspace/cargo-home:/opt/rustwide/cargo-home:ro,Z" "-v" "/var/lib/crater-agent-workspace/rustup-home:/opt/rustwide/rustup-home:ro,Z" "-e" "SOURCE_DIR=/opt/rustwide/workdir" "-e" "CARGO_TARGET_DIR=/opt/rustwide/target" "-e" "CARGO_HOME=/opt/rustwide/cargo-home" "-e" "RUSTUP_HOME=/opt/rustwide/rustup-home" "-w" "/opt/rustwide/workdir" "-m" "1610612736" "--user" "0:0" "--network" "none" "rustops/crates-build-env@sha256:d92eaeed33fa75130ca1ee6c8a01d1ffb62bac859dfdfb3450e3e5d1c0146529" "/opt/rustwide/cargo-home/bin/cargo" "+af3c6e733a40e671550e0f0f5aeecaa13772ba56" "metadata" "--no-deps" "--format-version=1", kill_on_drop: false }`
[INFO] [stdout] 9e1fa8aad5c45c33edf39bdd4ab79d742fe187128a6e3d15a7333db63e4b413f
[INFO] [stderr] WARNING: Your kernel does not support swap limit capabilities or the cgroup is not mounted. Memory limited without swap.
[INFO] running `Command { std: "docker" "start" "-a" "9e1fa8aad5c45c33edf39bdd4ab79d742fe187128a6e3d15a7333db63e4b413f", kill_on_drop: false }`
[INFO] running `Command { std: "docker" "inspect" "9e1fa8aad5c45c33edf39bdd4ab79d742fe187128a6e3d15a7333db63e4b413f", kill_on_drop: false }`
[INFO] running `Command { std: "docker" "rm" "-f" "9e1fa8aad5c45c33edf39bdd4ab79d742fe187128a6e3d15a7333db63e4b413f", kill_on_drop: false }`
[INFO] [stdout] 9e1fa8aad5c45c33edf39bdd4ab79d742fe187128a6e3d15a7333db63e4b413f
[INFO] running `Command { std: "docker" "create" "-v" "/var/lib/crater-agent-workspace/builds/worker-9/target:/opt/rustwide/target:rw,Z" "-v" "/var/lib/crater-agent-workspace/builds/worker-9/source:/opt/rustwide/workdir:ro,Z" "-v" "/var/lib/crater-agent-workspace/cargo-home:/opt/rustwide/cargo-home:ro,Z" "-v" "/var/lib/crater-agent-workspace/rustup-home:/opt/rustwide/rustup-home:ro,Z" "-e" "SOURCE_DIR=/opt/rustwide/workdir" "-e" "CARGO_TARGET_DIR=/opt/rustwide/target" "-e" "CARGO_INCREMENTAL=0" "-e" "RUST_BACKTRACE=full" "-e" "RUSTFLAGS=--cap-lints=forbid" "-e" "CARGO_HOME=/opt/rustwide/cargo-home" "-e" "RUSTUP_HOME=/opt/rustwide/rustup-home" "-w" "/opt/rustwide/workdir" "-m" "1610612736" "--user" "0:0" "--network" "none" "rustops/crates-build-env@sha256:d92eaeed33fa75130ca1ee6c8a01d1ffb62bac859dfdfb3450e3e5d1c0146529" "/opt/rustwide/cargo-home/bin/cargo" "+af3c6e733a40e671550e0f0f5aeecaa13772ba56" "check" "--frozen" "--all" "--all-targets" "--message-format=json", kill_on_drop: false }`
[INFO] [stdout] ef5e08c3c6734b216ca3ede8486bb4dfbc2f55bc444eb35a74e7cf4db496a706
[INFO] [stderr] WARNING: Your kernel does not support swap limit capabilities or the cgroup is not mounted. Memory limited without swap.
[INFO] running `Command { std: "docker" "start" "-a" "ef5e08c3c6734b216ca3ede8486bb4dfbc2f55bc444eb35a74e7cf4db496a706", kill_on_drop: false }`
[INFO] [stderr]     Blocking waiting for file lock on package cache
[INFO] [stderr]    Compiling proc-macro2 v1.0.8
[INFO] [stderr]    Compiling cc v1.0.50
[INFO] [stderr]    Compiling syn v1.0.14
[INFO] [stderr]    Compiling memchr v2.3.0
[INFO] [stderr]     Checking smallvec v1.2.0
[INFO] [stderr]    Compiling failure_derive v0.1.6
[INFO] [stderr]     Checking copyless v0.1.4
[INFO] [stderr]    Compiling typenum v1.11.2
[INFO] [stderr]     Checking owning_ref v0.2.4
[INFO] [stderr]     Checking cdg v0.1.0
[INFO] [stderr]     Checking takeable-option v0.4.0
[INFO] [stderr]     Checking smallvec v0.3.4
[INFO] [stderr]     Checking glob v0.3.0
[INFO] [stderr]    Compiling hashbrown v0.6.3
[INFO] [stderr]     Checking lock_api v0.3.3
[INFO] [stderr]     Checking actix-service v0.4.2
[INFO] [stderr]    Compiling num-rational v0.2.3
[INFO] [stderr]    Compiling num-complex v0.2.4
[INFO] [stderr]     Checking tokio-sync v0.1.8
[INFO] [stderr]    Compiling nom v4.2.3
[INFO] [stderr]    Compiling x11-dl v2.18.5
[INFO] [stderr]    Compiling alsa-sys v0.1.2
[INFO] [stderr]    Compiling unicase v2.6.0
[INFO] [stderr]    Compiling libc v0.2.66
[INFO] [stderr]     Checking unicode-normalization v0.1.12
[INFO] [stderr]     Checking encoding_rs v0.8.22
[INFO] [stderr]    Compiling syn v0.11.11
[INFO] [stderr]     Checking iovec v0.1.4
[INFO] [stderr]     Checking num_cpus v1.12.0
[INFO] [stderr]     Checking net2 v0.2.33
[INFO] [stderr]     Checking rand_os v0.1.3
[INFO] [stderr]     Checking socket2 v0.3.11
[INFO] [stderr]     Checking hostname v0.1.5
[INFO] [stderr]     Checking getrandom v0.1.14
[INFO] [stderr]     Checking signal-hook-registry v1.2.0
[INFO] [stderr]     Checking memmap v0.7.0
[INFO] [stderr]     Checking shared_library v0.1.9
[INFO] [stderr]     Checking rand v0.4.6
[INFO] [stderr]     Checking raw-window-handle v0.3.3
[INFO] [stderr]     Checking slice-deque v0.2.4
[INFO] [stderr]     Checking thread-id v3.3.0
[INFO] [stderr]     Checking dirs v1.0.5
[INFO] [stderr]     Checking stb_truetype v0.3.1
[INFO] [stderr]     Checking deflate v0.7.20
[INFO] [stderr]     Checking log v0.3.9
[INFO] [stderr]     Checking crossbeam-utils v0.7.0
[INFO] [stderr]    Compiling parking_lot_core v0.6.2
[INFO] [stderr]    Compiling parking_lot v0.9.0
[INFO] [stderr]    Compiling memoffset v0.5.3
[INFO] [stderr]     Checking nix v0.14.1
[INFO] [stderr]    Compiling gl_generator v0.13.1
[INFO] [stderr]    Compiling gl_generator v0.11.0
[INFO] [stderr]     Checking flate2 v1.0.13
[INFO] [stderr]     Checking bytes v0.4.12
[INFO] [stderr]     Checking threadpool v1.7.1
[INFO] [stderr]     Checking resolv-conf v0.6.2
[INFO] [stderr]     Checking clap v2.33.0
[INFO] [stderr]     Checking rand_core v0.5.1
[INFO] [stderr]     Checking mio v0.6.21
[INFO] [stderr]     Checking osmesa-sys v0.1.2
[INFO] [stderr]     Checking rand v0.6.5
[INFO] [stderr]    Compiling syn v0.15.44
[INFO] [stderr]     Checking approx v0.3.2
[INFO] [stderr]     Checking ordered-float v1.0.2
[INFO] [stderr]     Checking line_drawing v0.7.0
[INFO] [stderr]     Checking mime v0.2.6
[INFO] [stderr]     Checking tokio-executor v0.1.10
[INFO] [stderr]     Checking crossbeam-queue v0.2.1
[INFO] [stderr]     Checking idna v0.1.5
[INFO] [stderr]     Checking idna v0.2.0
[INFO] [stderr]     Checking png v0.15.3
[INFO] [stderr]     Checking chrono v0.4.10
[INFO] [stderr]     Checking parking_lot_core v0.2.14
[INFO] [stderr]     Checking rand_chacha v0.2.1
[INFO] [stderr]     Checking tokio-io v0.1.13
[INFO] [stderr]     Checking http v0.1.21
[INFO] [stderr]     Checking string v0.2.1
[INFO] [stderr]     Checking rusttype v0.8.2
[INFO] [stderr]     Checking tokio-timer v0.2.13
[INFO] [stderr]     Checking tokio-current-thread v0.1.7
[INFO] [stderr]    Compiling backtrace-sys v0.1.32
[INFO] [stderr]    Compiling libloading v0.5.2
[INFO] [stderr]    Compiling minimp3-sys v0.3.1
[INFO] [stderr]     Checking aho-corasick v0.7.8
[INFO] [stderr]     Checking mio-uds v0.6.7
[INFO] [stderr]     Checking cpal v0.8.2
[INFO] [stderr]    Compiling mime_guess v2.0.1
[INFO] [stderr]    Compiling quote v1.0.2
[INFO] [stderr]     Checking alga v0.9.2
[INFO] [stderr]    Compiling glutin_glx_sys v0.1.6
[INFO] [stderr]    Compiling glutin_egl_sys v0.1.4
[INFO] [stderr]     Checking parking_lot v0.3.8
[INFO] [stderr]    Compiling glium v0.25.1
[INFO] [stderr]     Checking url v1.7.2
[INFO] [stderr]     Checking rand v0.7.3
[INFO] [stderr]     Checking url v2.1.1
[INFO] [stderr]     Checking crossbeam-epoch v0.8.0
[INFO] [stderr]     Checking generic-array v0.12.3
[INFO] [stderr]     Checking tokio-codec v0.1.2
[INFO] [stderr]    Compiling rust-embed-impl v4.5.0
[INFO] [stderr]     Checking rusttype v0.7.9
[INFO] [stderr]     Checking multiqueue v0.3.2
[INFO] [stderr]     Checking regex v1.3.4
[INFO] [stderr]     Checking crossbeam-deque v0.7.2
[INFO] [stderr]     Checking hyper v0.10.16
[INFO] [stderr]     Checking actix-codec v0.1.2
[INFO] [stderr]     Checking andrew v0.2.1
[INFO] [stderr]     Checking tokio-reactor v0.1.12
[INFO] [stderr]     Checking nalgebra v0.18.1
[INFO] [stderr]     Checking h2 v0.1.26
[INFO] [stderr]     Checking rayon-core v1.7.0
[INFO] [stderr]     Checking dlib v0.4.1
[INFO] [stderr]     Checking backtrace v0.3.44
[INFO] [stderr]     Checking minimp3 v0.3.3
[INFO] [stderr]     Checking actix-utils v0.4.7
[INFO] [stderr]     Checking rust-embed v4.5.0
[INFO] [stderr]     Checking wayland-sys v0.21.13
[INFO] [stderr]     Checking tokio-tcp v0.1.4
[INFO] [stderr]     Checking tokio-udp v0.1.6
[INFO] [stderr]     Checking tokio-signal v0.2.9
[INFO] [stderr]     Checking rayon v1.3.0
[INFO] [stderr]     Checking wayland-commons v0.21.13
[INFO] [stderr]     Checking actix-server-config v0.1.2
[INFO] [stderr]     Checking env_logger v0.6.2
[INFO] [stderr]     Checking wayland-client v0.21.13
[INFO] [stderr]    Compiling darling_core v0.9.0
[INFO] [stderr]     Checking websocket v0.23.0
[INFO] [stderr]     Checking wayland-protocols v0.21.13
[INFO] [stderr]    Compiling derive_more v0.15.0
[INFO] [stderr]    Compiling enum-as-inner v0.2.1
[INFO] [stderr]    Compiling num-derive v0.2.5
[INFO] [stderr]     Checking jpeg-decoder v0.1.18
[INFO] [stderr]    Compiling darling_macro v0.9.0
[INFO] [stderr]     Checking smithay-client-toolkit v0.4.6
[INFO] [stderr]    Compiling synstructure v0.12.3
[INFO] [stderr]    Compiling darling v0.9.0
[INFO] [stderr]    Compiling derive_builder_core v0.5.0
[INFO] [stderr]     Checking winit v0.19.5
[INFO] [stderr]     Checking tiff v0.3.1
[INFO] [stderr]    Compiling derive_builder v0.7.2
[INFO] [stderr]     Checking image v0.22.5
[INFO] [stderr]    Compiling serde_derive v1.0.104
[INFO] [stderr]    Compiling proc-macro-hack v0.5.11
[INFO] [stderr]    Compiling v_escape_derive v0.5.6
[INFO] [stderr]    Compiling actix-web-codegen v0.1.3
[INFO] [stderr]     Checking actix-threadpool v0.1.2
[INFO] [stderr]     Checking glutin v0.21.2
[INFO] [stderr]     Checking actix-rt v0.2.6
[INFO] [stderr]     Checking id3 v0.3.0
[INFO] [stderr]     Checking actix-server v0.6.1
[INFO] [stderr]     Checking failure v0.1.6
[INFO] [stderr]    Compiling const-random-macro v0.1.8
[INFO] [stderr]     Checking actix-testing v0.1.0
[INFO] [stderr]     Checking trust-dns-proto v0.7.4
[INFO] [stderr]     Checking v_escape v0.7.4
[INFO] [stderr]     Checking const-random v0.1.8
[INFO] [stderr]     Checking v_htmlescape v0.4.5
[INFO] [stderr]     Checking ahash v0.2.18
[INFO] [stderr]     Checking cdg_renderer v0.3.0
[INFO] [stderr]     Checking trust-dns-resolver v0.11.1
[INFO] [stderr]     Checking actix-connect v0.2.5
[INFO] [stderr]     Checking rodio v0.9.0
[INFO] [stderr]     Checking serde v1.0.104
[INFO] [stderr]     Checking serde_urlencoded v0.6.1
[INFO] [stderr]     Checking serde_json v1.0.47
[INFO] [stderr]     Checking actix-router v0.1.5
[INFO] [stderr]     Checking serde_yaml v0.7.5
[INFO] [stderr]     Checking config v0.9.3
[INFO] [stderr]     Checking rustbreak v2.0.0-rc3
[INFO] [stderr]     Checking actix-http v0.2.11
[INFO] [stderr]     Checking actix-web v1.0.9
[INFO] [stderr]     Checking actix-files v0.1.7
[INFO] [stderr]     Checking karaoke-rs v0.11.1 (/opt/rustwide/workdir)
[INFO] [stdout] error: proc-macro derive panicked
[INFO] [stdout]  --> src/embed.rs:8:10
[INFO] [stdout]   |
[INFO] [stdout] 8 | #[derive(RustEmbed)]
[INFO] [stdout]   |          ^^^^^^^^^
[INFO] [stdout]   |
[INFO] [stdout]   = help: message: #[derive(RustEmbed)] folder 'frontend/dist' does not exist. cwd: '/opt/rustwide/workdir'
[INFO] [stdout] 
[INFO] [stdout] 
[INFO] [stdout] error: proc-macro derive panicked
[INFO] [stdout]  --> src/embed.rs:8:10
[INFO] [stdout]   |
[INFO] [stdout] 8 | #[derive(RustEmbed)]
[INFO] [stdout]   |          ^^^^^^^^^
[INFO] [stdout]   |
[INFO] [stdout]   = help: message: #[derive(RustEmbed)] folder 'frontend/dist' does not exist. cwd: '/opt/rustwide/workdir'
[INFO] [stdout] 
[INFO] [stdout] 
[INFO] [stdout] warning: unnecessary braces around block return value
[INFO] [stdout]  --> src/queue.rs:6:57
[INFO] [stdout]   |
[INFO] [stdout] 6 |     pub static ref PLAY_QUEUE: Arc<Mutex<Vec<Kfile>>> = { Arc::from(Mutex::from(Vec::new())) };
[INFO] [stdout]   |                                                         ^^^^^^^^^^^^^^^^^^^^^^^^^^^^^^^^^^^^^^ help: remove these braces
[INFO] [stdout]   |
[INFO] [stdout]   = note: `#[warn(unused_braces)]` on by default
[INFO] [stdout] 
[INFO] [stdout] 
[INFO] [stdout] warning: unnecessary braces around block return value
[INFO] [stdout]  --> src/queue.rs:6:57
[INFO] [stdout]   |
[INFO] [stdout] 6 |     pub static ref PLAY_QUEUE: Arc<Mutex<Vec<Kfile>>> = { Arc::from(Mutex::from(Vec::new())) };
[INFO] [stdout]   |                                                         ^^^^^^^^^^^^^^^^^^^^^^^^^^^^^^^^^^^^^^ help: remove these braces
[INFO] [stdout]   |
[INFO] [stdout]   = note: `#[warn(unused_braces)]` on by default
[INFO] [stdout] 
[INFO] [stdout] 
[INFO] [stdout] error[E0599]: no function or associated item named `iter` found for struct `Static` in the current scope
[INFO] [stdout]   --> src/embed.rs:32:25
[INFO] [stdout]    |
[INFO] [stdout] 10 | struct Static;
[INFO] [stdout]    | -------------- function or associated item `iter` not found for this
[INFO] [stdout] ...
[INFO] [stdout] 32 |     for file in Static::iter() {
[INFO] [stdout]    |                         ^^^^ function or associated item not found in `Static`
[INFO] [stdout]    |
[INFO] [stdout]    = help: items from traits can only be used if the trait is implemented and in scope
[INFO] [stdout]    = note: the following traits define an item `iter`, perhaps you need to implement one of them:
[INFO] [stdout]            candidate #1: `RustEmbed`
[INFO] [stdout]            candidate #2: `MultiVerticesSource`
[INFO] [stdout]            candidate #3: `bytes::buf::buf::Buf`
[INFO] [stdout] 
[INFO] [stdout] 
[INFO] [stdout] error[E0599]: no function or associated item named `iter` found for struct `Static` in the current scope
[INFO] [stdout]   --> src/embed.rs:32:25
[INFO] [stdout]    |
[INFO] [stdout] 10 | struct Static;
[INFO] [stdout]    | -------------- function or associated item `iter` not found for this
[INFO] [stdout] ...
[INFO] [stdout] 32 |     for file in Static::iter() {
[INFO] [stdout]    |                         ^^^^ function or associated item not found in `Static`
[INFO] [stdout]    |
[INFO] [stdout]    = help: items from traits can only be used if the trait is implemented and in scope
[INFO] [stdout]    = note: the following traits define an item `iter`, perhaps you need to implement one of them:
[INFO] [stdout]            candidate #1: `RustEmbed`
[INFO] [stdout]            candidate #2: `MultiVerticesSource`
[INFO] [stdout]            candidate #3: `bytes::buf::buf::Buf`
[INFO] [stdout] 
[INFO] [stdout] 
[INFO] [stdout] error[E0599]: no function or associated item named `get` found for struct `Static` in the current scope
[INFO] [stdout]   --> src/embed.rs:33:33
[INFO] [stdout]    |
[INFO] [stdout] 10 | struct Static;
[INFO] [stdout]    | -------------- function or associated item `get` not found for this
[INFO] [stdout] ...
[INFO] [stdout] 33 |         let file_data = Static::get(file.as_ref()).unwrap();
[INFO] [stdout]    |                                 ^^^ function or associated item not found in `Static`
[INFO] [stdout]    |
[INFO] [stdout]    = help: items from traits can only be used if the trait is implemented and in scope
[INFO] [stdout]    = note: the following traits define an item `get`, perhaps you need to implement one of them:
[INFO] [stdout]            candidate #1: `SliceIndex`
[INFO] [stdout]            candidate #2: `RustEmbed`
[INFO] [stdout]            candidate #3: `nix::sys::socket::GetSockOpt`
[INFO] [stdout]            candidate #4: `nalgebra::base::indexing::MatrixIndex`
[INFO] [stdout]            candidate #5: `alga::linear::matrix::Matrix`
[INFO] [stdout] 
[INFO] [stdout] 
[INFO] [stdout] error[E0599]: no function or associated item named `get` found for struct `Static` in the current scope
[INFO] [stdout]   --> src/embed.rs:33:33
[INFO] [stdout]    |
[INFO] [stdout] 10 | struct Static;
[INFO] [stdout]    | -------------- function or associated item `get` not found for this
[INFO] [stdout] ...
[INFO] [stdout] 33 |         let file_data = Static::get(file.as_ref()).unwrap();
[INFO] [stdout]    |                                 ^^^ function or associated item not found in `Static`
[INFO] [stdout]    |
[INFO] [stdout]    = help: items from traits can only be used if the trait is implemented and in scope
[INFO] [stdout]    = note: the following traits define an item `get`, perhaps you need to implement one of them:
[INFO] [stdout]            candidate #1: `SliceIndex`
[INFO] [stdout]            candidate #2: `RustEmbed`
[INFO] [stdout]            candidate #3: `nix::sys::socket::GetSockOpt`
[INFO] [stdout]            candidate #4: `nalgebra::base::indexing::MatrixIndex`
[INFO] [stdout]            candidate #5: `alga::linear::matrix::Matrix`
[INFO] [stdout] 
[INFO] [stdout] 
[INFO] [stdout] error: aborting due to 3 previous errors; 1 warning emitted
[INFO] [stdout] 
[INFO] [stdout] 
[INFO] [stdout] For more information about this error, try `rustc --explain E0599`.
[INFO] [stdout] 
[INFO] [stdout] error: aborting due to 3 previous errors; 1 warning emitted
[INFO] [stdout] 
[INFO] [stdout] 
[INFO] [stdout] For more information about this error, try `rustc --explain E0599`.
[INFO] [stdout] 
[INFO] [stderr] error: could not compile `karaoke-rs`.
[INFO] [stderr] 
[INFO] [stderr] To learn more, run the command again with --verbose.
[INFO] [stderr] warning: build failed, waiting for other jobs to finish...
[INFO] [stderr] error: build failed
[INFO] running `Command { std: "docker" "inspect" "ef5e08c3c6734b216ca3ede8486bb4dfbc2f55bc444eb35a74e7cf4db496a706", kill_on_drop: false }`
[INFO] running `Command { std: "docker" "rm" "-f" "ef5e08c3c6734b216ca3ede8486bb4dfbc2f55bc444eb35a74e7cf4db496a706", kill_on_drop: false }`
[INFO] [stdout] ef5e08c3c6734b216ca3ede8486bb4dfbc2f55bc444eb35a74e7cf4db496a706
